en 18813357 is divided by 9406667.
23
What is the remainder when 24825367 is divided by 1196?
1191
Calculate the remainder when 798499337 is divided by 273.
272
What is the remainder when 1367915 is divided by 202?
173
What is the remainder when 80278 is divided by 80235?
43
What is the remainder when 54841214 is divided by 1592?
1590
Calculate the remainder when 8854157 is divided by 146.
133
Calculate the remainder when 1006725 is divided by 143813.
34
What is the remainder when 81034310 is divided by 54?
20
What is the remainder when 233117951 is divided by 8?
7
What is the remainder when 32691702 is divided by 54?
48
What is the remainder when 30543964 is divided by 1904?
1900
What is the remainder when 19053530 is divided by 12874?
10
Calculate the remainder when 171244 is divided by 6853.
6772
What is the remainder when 81474931 is divided by 77?
76
What is the remainder when 4383067 is divided by 25046?
17
What is the remainder when 670846472 is divided by 18?
8
Calculate the remainder when 226508 is divided by 214.
96
What is the remainder when 29295 is divided by 3590?
575
Calculate the remainder when 1415254 is divided by 132.
82
What is the remainder when 16127635 is divided by 20?
15
Calculate the remainder when 14935 is divided by 2458.
187
Calculate the remainder when 911395 is divided by 2201.
181
Calculate the remainder when 2012333 is divided by 83.
81
What is the remainder when 15497274 is divided by 35708?
2
Calculate the remainder when 4274 is divided by 328.
10
What is the remainder when 278669924 is divided by 173518?
16
What is the remainder when 13767 is divided by 1915?
362
What is the remainder when 105766 is divided by 3916?
34
What is the remainder when 767355 is divided by 85261?
6
What is the remainder when 16741127 is divided by 8370558?
11
Calculate the remainder when 1608365 is divided by 2740.
2725
Calculate the remainder when 1617706 is divided by 1224.
802
Calculate the remainder when 678246 is divided by 10577.
1318
What is the remainder when 3441543 is divided by 5446?
5117
Calculate the remainder when 14057 is divided by 5276.
3505
Calculate the remainder when 9544411 is divided by 22.
19
What is the remainder when 45461441 is divided by 5051270?
11
What is the remainder when 2331975 is divided by 1165888?
199
What is the remainder when 4548 is divided by 66?
60
What is the remainder when 74337070 is divided by 25?
20
Calculate the remainder when 909128 is divided by 229.
227
Calculate the remainder when 5068800 is divided by 120.
0
Calculate the remainder when 5586297 is divided by 5111.
5085
Calculate the remainder when 13494242 is divided by 76.
62
Calculate the remainder when 31884 is divided by 333.
249
Calculate the remainder when 6157284 is divided by 17.
3
Calculate the remainder when 1180537 is divided by 10003.
183
What is the remainder when 26895 is divided by 1004?
791
Calculate the remainder when 4483976 is divided by 2577.
2573
What is the remainder when 603294042 is divided by 15?
12
What is the remainder when 840060 is divided by 458?
88
What is the remainder when 913651 is divided by 70272?
115
Calculate the remainder when 3335040 is divided by 22.
16
Calculate the remainder when 597622 is divided by 748.
718
What is the remainder when 2779950 is divided by 112?
110
Calculate the remainder when 1380410 is divided by 50.
10
Calculate the remainder when 351878 is divided by 117234.
176
Calculate the remainder when 2416802 is divided by 5218.
868
Calculate the remainder when 15354667 is divided by 2108.
2103
What is the remainder when 310772 is divided by 68?
12
What is the remainder when 23836 is divided by 5131?
3312
What is the remainder when 33741 is divided by 5539?
507
Calculate the remainder when 3124940 is divided by 1557.
41
Calculate the remainder when 144627 is divided by 36155.
7
Calculate the remainder when 32880 is divided by 592.
320
Calculate the remainder when 2701135 is divided by 1859.
8
What is the remainder when 361771 is divided by 99?
25
What is the remainder when 1935945 is divided by 287?
130
What is the remainder when 310792001 is divided by 19?
14
Calculate the remainder when 28742 is divided by 10.
2
Calculate the remainder when 50464234 is divided by 11.
7
What is the remainder when 30732 is divided by 2844?
2292
What is the remainder when 532710 is divided by 133172?
22
Calculate the remainder when 3790164 is divided by 809.
808
Calculate the remainder when 331425 is divided by 136.
129
Calculate the remainder when 95894 is divided by 14662.
7922
What is the remainder when 83218 is divided by 83199?
19
Calculate the remainder when 112218 is divided by 48.
42
What is the remainder when 882662 is divided by 3142?
2902
What is the remainder when 128146 is divided by 24455?
5871
What is the remainder when 13907950 is divided by 2124?
2122
What is the remainder when 1559611 is divided by 222792?
67
What is the remainder when 510880260 is divided by 4299?
4296
Calculate the remainder when 13409504 is divided by 2234913.
26
Calculate the remainder when 356699 is divided by 177.
44
Calculate the remainder when 215643 is divided by 7701.
15
What is the remainder when 86573 is divided by 410?
63
What is the remainder when 2036143 is divided by 4?
3
Calculate the remainder when 1041986 is divided by 2189.
22
Calculate the remainder when 798082 is divided by 213.
184
What is the remainder when 2944005 is divided by 26?
25
Calculate the remainder when 4315193 is divided by 190.
103
What is the remainder when 243093 is divided by 8298?
2451
Calculate the remainder when 25022437 is divided by 438990.
7
What is the remainder when 10344106 is divided by 369432?
10
What is the remainder when 113909876 is divided by 24?
20
What is the remainder when 1986255 is divided by 7093?
215
Calculate the remainder when 22674770 is divided by 742.
734
Calculate the remainder when 26153 is divided by 16080.
10073
Calculate the remainder when 383436356 is divided by 7549.
7548
What is the remainder when 12380055 is divided by 26?
25
Calculate the remainder when 17288214 is divided by 7267.
21
Calculate the remainder when 18233 is divided by 4968.
3329
What is the remainder when 11358812 is divided by 486?
20
Calculate the remainder when 129058364 is divided by 219487.
8
Calculate the remainder when 2904925 is divided by 5397.
1339
Calculate the remainder when 15944231 is divided by 15944191.
40
Calculate the remainder when 1187848 is divided by 14.
4
What is the remainder when 158252187 is divided by 67?
63
Calculate the remainder when 995246 is divided by 6299.
4
What is the remainder when 14479654 is divided by 307?
306
What is the remainder when 8930792 is divided by 84?
80
Calculate the remainder when 585590 is divided by 292726.
138
Calculate the remainder when 1171276 is divided by 4370.
116
What is the remainder when 41199089 is divided by 590?
569
Calculate the remainder when 1406499 is divided by 10655.
39
Calculate the remainder when 50456 is divided by 321.
59
Calculate the remainder when 31151853 is divided by 8.
5
Calculate the remainder when 21378156 is divided by 1382.
1380
Calculate the remainder when 181561 is divided by 1054.
273
What is the remainder when 6796054 is divided by 47?
42
What is the remainder when 6896767 is divided by 431047?
15
What is the remainder when 336153 is divided by 974?
123
What is the remainder when 52516207 is divided by 357253?
16
What is the remainder when 87611191 is divided by 179?
178
What is the remainder when 45512 is divided by 1584?
1160
What is the remainder when 346647 is divided by 171567?
3513
Calculate the remainder when 431982607 is divided by 37.
22
Calculate the remainder when 104553 is divided by 1221.
768
What is the remainder when 10354801 is divided by 3451595?
16
What is the remainder when 1276799 is divided by 147?
104
What is the remainder when 1998924 is divided by 554?
92
Calculate the remainder when 83298960 is divided by 532.
528
What is the remainder when 44341456 is divided by 2111497?
19
What is the remainder when 9451581 is divided by 2362894?
5
Calculate the remainder when 246456 is divided by 8.
0
Calculate the remainder when 1596464 is divided by 72566.
12
What is the remainder when 35711 is divided by 35640?